6 - (12 - -8)) + 0?
-26
What is -55 - (-45 + -10 + 16)?
-16
What is -18 + (14 + -29 - -30)?
-3
-2 + -1 + -5 + (71 - 46)
17
What is the value of (57 - 67) + -1 + 27 + 0 + -1?
15
-27 + -10 + 32 + -18
-23
Evaluate 19 + -7 - (39 - 13).
-14
Evaluate (6 - (7 - 2) - -7) + -13.
-5
(-1 - -24) + -212 + 184
-5
What is the value of -1 + (5 - (-6 + -5 + (6 - 8)))?
17
61 + 1 + -21 - 26
15
Evaluate -33 - 7 - -51 - -26.
37
What is the value of -14 - ((-24 - -6) + -6)?
10
What is the value of -9 + (-3 - (4 - 0)) - 3?
-19
Calculate -8 - (-35 - -19) - ((-2 - -3) + -13).
20
What is 15 - (6 - (-26 + 24))?
7
(-3 - -5) + -14 + -4 + 4
-12
What is the value of -6 + -1 - (7 + -10 - (-17 - -11))?
-10
Evaluate (0 - -1) + -3 - ((12 - 6) + -7).
-1
-7 + -52 + 49 + (27 - -3)
20
(0 - 37) + 320 + -312
-29
Calculate -322 + 319 - (-2 - (-23 + -4)).
-28
Evaluate (-9 - (-16 - -15)) + 3.
-5
-2 + 1 - (5 + -7 - (0 - 13))
-12
What is the value of -1 - -20 - 5 - 7?
7
-1 + 8 + 13 + 6 + -25 + -18
-17
What is -7 + -6 + 10 + -6?
-9
Evaluate 3 - 8 - (-9 + (9 - 2) - 1).
-2
Evaluate (-1 + 1 - 8) + 15 + (-8 - -5).
4
-14 + -3 + 1 - -17
1
(-17 + -4 + 12 - -15) + -30
-24
Evaluate 8 + (-8 - 4) + 18.
14
38 - (78 - (-6 - -13))
-33
(4 - -2) + -28 - -6
-16
-2 + 4 + (-4 + 0 - -1)
-1
Calculate 7 + (5 + -7 - (-1 - 0)).
6
Calculate 5 + -4 + -1 - (-15 - -38) - -11.
-12
What is (24 - 5) + 0 + 6 - 6?
19
What is 2 + -8 + (2 - (4 + -1 - 3))?
-4
Calculate (133 - 100) + 1 + -5.
29
Calculate -23 - (1 + (41 - 50)).
-15
What is the value of 28 - (-7 + (3 - -10))?
22
5 - (-5 - (6 + -6) - -4 - -1)
5
-8 + (4 - -25) - 15
6
Calculate 0 - -5 - (-111 + 135).
-19
What is -3 + -6 + -12 + -26 + (4 - -4)?
-39
What is the value of 28 - (29 + -10 - -37)?
-28
What is -9 - (1 - (8 - (2 - (2 - 3))))?
-5
Calculate 5 + -3 + (7 + -5 - 2).
2
What is the value of -15 + 10 + -1 + (-4 - -6)?
-4
Calculate (1 - (-2 - -2)) + 8 + 1093 + -1091.
11
Evaluate 11 - ((3 - -1) + (-18 - -13)).
12
What is the value of -5 + 15 + -9 + 5?
6
What is 3 + -9 + 12 - 3 - (11 + 1)?
-9
Calculate 3 + 0 + 3 + 7 + 4 + -3.
14
What is the value of -36 - -33 - (5 - 1 - (-2 + 10))?
1
What is the value of -4 + 3 + (-262 - -285)?
22
Calculate -11 + (-4 - -13) - -11 - -4.
13
What is the value of 28 - 27 - (-1 - -4)?
-2
(2 - 2 - -23) + -366 + 375
32
(23 + -41 - -49) + -28
3
Calculate 1 - 6 - (-952 + 977).
-30
What is the value of (-13 - -11) + -1 - (-1 + -10)?
8
Calculate 0 - -35 - 1 - (-3 + 38 - 39).
38
Calculate -5 + -18 + (-299 - -310).
-12
Evaluate (70 - 62) + 1 + -5.
4
(1 - -1 - (-34 + 38) - 24) + 0
-26
What is the value of -10 + (7 - (14 - -3)) + 5?
-15
Evaluate 0 + -9 + -10 + 37 + (3 - 8).
13
(0 - 2 - -1 - -1) + (2361 - 2348)
13
Evaluate -24 - (-5 + (2 - (6 - 1))).
-16
Evaluate -9 + 6 + -4 + -3 + -4 + 2.
-12
8 + (-1 - -8) + 3 + -10
8
What is the value of (141 - 170) + (0 - (1 + -12))?
-18
6 + -8 + (-4 - 1) - 1
-8
-6 + -1 - (-339 + 344)
-12
Evaluate 31 + 0 + (-112 - -106).
25
Evaluate -5 + -9 - (-25 - -14).
-3
What is the value of 8 + (7 - (15 - 3))?
3
What is -7 + (-6 - (-35 - 6) - (27 + -21))?
22
Evaluate 0 + (-13 - -6) + 5.
-2
Calculate -2 + (15 - -5) - (10 + (-9 - -1)).
16
Calculate -5 + 0 - ((1 - 17) + 6).
5
What is -2 + -4 - (0 - 6)?
0
What is the value of 0 - (5 + (0 - 2 - -1) + 2)?
-6
(-3 - 10) + (-11 - (-10 + -9))
-5
Evaluate (7 + -18 - (0 + -7)) + 5 - 5.
-4
(-3 - -29) + -20 + -22
-16
What is 21 + -12 + -26 - -12?
-5
(-31 - -51 - -1) + 6
27
Evaluate 7 - (7 - 7 - 5) - 8.
4
What is 15 + (6 + 13 - 41)?
-7
(87 - 94) + (2 - 0 - -1)
-4
What is (-14 - -41) + 6 + (-4 + 2 - 11)?
20
(-25 - -17 - -15) + -18 + 2
-9
Calculate -11 - (-13 + 11 + -15 + 15).
-9
0 - (-3 + -1) - ((44 - 141) + 129)
-28
What is the value of -21 + 40 + -15 + -11?
-7
Evaluate (121 - 118) + (1 - -1) - 1.
4
What is (-7 - -11 - 7) + 9 + (1 - 4)?
3
Evaluate 5 + 2 - (0 + (2 - -4) + -3).
4
What is 7 + 12 + -20 + 22?
21
Evaluate 10 - (1 - 0) - (-1 + -2).
12
Evaluate (4 + 12 - 15) + 1.
2
Calculate 18 - ((34 - 29) + 3 + -1 + -3).
14
-231 - -266 - (1 + 58)
-24
Calculate -16 + (11 - -12) + -10.
-3
What is (-1 - (-9 + 7 + -5)) + -29?
-23
What is the value of -16 + (16 - -17) + -15?
2
Calculate -4 - (-2 + -5 - (0 - 8)).
-5
Evaluate 6 - (5 - 4 - ((-4 - 1) + 5)).
5
What is (-5 - -23 - (70 - 16)) + 17?
-19
What is 38 - (16 + (23 - 19))?
18
Evaluate 1 - ((5 - 16) + 7 - 23).
28
What is -8 + (19 - (9 - 0))?
2
Calculate 14 + -7 + -11 + (-6 - (7 + -4)).
-13
Evaluate -1 + 26 + (-78 - (1 - 66)).
12
42 + -26 + (-10 - -4) + 23
33
What is the value of -2 + 2 + 6 + -5 + -4 + 13?
10
What is the value of 2 + 3 + -19 + 21 + (4 - 2)?
9
What is 15 + (-9 - -32 - 11)?
27
What is the value of -17 + (13 - 10 - (-9 - -3))?
-8
What is the value of (-10 - (-7 + -10)) + -11?
-4
(12 - 17) + 4 + -4
-5
What is -1 + (-14 - (-3 + 1)) + -7?
-20
What is the value of -4 + -3 + 1 - (6 - 28) - 1?
15
Calculate (-5 - (13 - 39) - 12) + 15.
24
What is the value of (5 + (12 - 10) - -1) + -10?
-2
What is the value of (3 - 2) + -1 - (10 + (12 - 9))?
-13
Calculate 2 + 9 + -8 + 7.
10
-7 + 7 + 0 + 6 + (7 - 14)
-1
-35 - -42 - (1 + (1 - 4))
9
Evaluate 16 - 2 - (-9 - 4 - -15) - 6.
6
Evaluate 10 + -3 - -2 - (108 - 110).
11
Evaluate 33 - (12 + 3) - 17.
1
Calculate 1 - 8 - (26 + -37 + 20).
-16
What is the value of -7 + -3 + 9 + (4 - 14)?
-11
Evaluate -2 + 15 - (10 + -14 + (-11 - -11)).
17
Calculate -23 + (15 - -3) + 14.
9
What is the value of 21 - (-2 - (-3 + -1 + -7 + 10))?
22
What is (-557 - -570) + (2 - 20) + 2?
-3
Calculate -14 - (10 + -27 - 0 - -33).
-30
What is the value of (2 - (2 + -1)) + (-20 - 19 - -40)?
2
Evaluate -2 - (-21 - (-4 - 6)) - -12.
21
Evaluate 0 + 0 + -4 + (-4 - -14).
6
((8 - 2) + -14 - -12) + 2
6
Evaluate (1 - 8) + (13 + 3 + -35 - -8).
-18
What is -43 - (-1 + 0 + (-33 - -26))?
-35
What is the value of 2 + 11 + 3 + 10 + -20?
6
Calculate (9 - -9) + 23 + -45.
-4
Calculate -14 - ((9 + -5 - 12) + -20).
14
Calculate (-13 + (35 - 8) - 16) + -15.
-17
10 + (19 - (-5 - 6) - 3)
37
Evaluate (-19 - (-10 + 2)) + (-1 - -4).
-8
What is the value of -23 + (14 - (-2 + -5 - -8) - 9)?
-19
Calculate -5 - (3 + (-5 - (13 - (-2 - -10)))).
2
Evaluate 31 + (-25 - (0 + -4) - (-14 + 3)).
21
Evaluate -3 - ((-12 + 4 - 3) + -8).
16
(-6 - -3) + (-150 - -147)
-6
Calculate 0 + -7 + 14 + 4 + -6.
5
10 + -10 + (-1 - -6) - (0 - -2)
3
What is the value of -3 + -1 + (-3 + 2 - (-29 + 24))?
0
Evaluate 3 - (-29 + 32 - -12).
-12
Evaluate 4 + (-8 - -4) + -4 + 5 + -4.
-3
Calculate -9 - (0 - (0 - -13)) - 0 - 38.
-34
Evaluate -15 + (-13 - -18 - -5).
-5
What is the value of 10 + 3 + (-12 - -5) - -2?
8
What is -14 + (3 - -6) + -2 + 26?
19
What is -77 + 62 - (-3 - 3)?
-9
Calculate 11 - ((43 - 34) + -5 + 0).
7
(15 - (33 - 42)) + -9
15
-5 + 7 + (-3 - (1 - 4) - 9)
-7
3 + -2 + (-38 + 29 - (6 - -1))
-15
Calculate -2 - (42 + (13 - -5 - 35)).
-27
Calculate -7 - (2 - (7 + (-6 - 8) + 15)).
-1
What is the value of 7 + -3 + -3 + 0 + -13 - -5?
-7
Calculate -2 + (-10 - -1) + (-3 - -3).
-11
-1 + -18 - (397 + -389)
-27
-26 - (-33 + 11 + -7)
3
(15 - 36 - -27) + 8
14
3 - (2 + -11 + 3 - -12 - -3)
-6
What is the value of -118 + 97 + (3 - 0) + 2?
-16
What is 14 + (-34 - -27) + 3 + 8?
18
Calculate 13 + -13 - 6 - 13 - -14.
-5
Calculate -5 + 9 + 3 + -31 - (113 + -107).
-30
Calculate 14 + (-12 - 2) + -2.
-2
Calculate 6 + -9 - (1 - -7 - -7 - 9).
-9
What is the value of 20 + (-9 - (-20 - -1 - 1)) + -7?
24
-39 + 12 + -21 + 30
-18
What is the value of (-4 + (-12 - -8) - -27) + 1 + -1?
19
Calculate 6 + (-13 - 0 - (-3 - (-33 + 21))).
-16
Calculate -8 - -12 - 8 - (-21 + (4 - 1)).
14
-7 + 0 + 6 + 2 + 0
1
Evaluate (4 - -15) + (25 - 38).
6
9 - (0 + -4 - -3) - (5 + -3)
8
Evaluate (0 - 0) + 12 + -22 + 2.
-8
Calculate -8 + 8 + 27 + -24.
3
What is 12 - (-11 + 34 + 13)?
-24
What is the value of -3 + -29 - -23 - 6?
-15
What is -2 + (-8 - (-7 + -36 + 4))?
29
What is the value of 17 + -14 - (48 - 39)?
-6
Calculate -10 + 7 + -3 + (2 - (16 - 3)).
-17
(1 + -16 - (12 - 10)) + -2 + 0
-19
Calculate -3102 + 3075 - (-1 - (0 - 10)).
-36
Calculate -1 + (21 - (16 + 0)).
4
Calculate 5 + -3 + (4 - (17 + -8 + 7)).
-10
Calculate 10 + -17 + 9 + 0 + 9.
11
-16 + 9 + 11 + -7
-3
Evaluate 1 + -17 + 11 + -1.
-6
Evaluate 18 + 19 + -32 - (-5 - 1).
11
What is -4 - (-7 + (21 - 5))?
-13
-5 + (-6 - ((6 - (-3 + 26)) + 3))
3
What is -2 + -7 + 0 + 4 - (-